?
aec65f
Convert -475361 (base 8) to base 12.
-7a095
Convert 2441024 (base 9) to base 4.
11003233321
1344145 (base 10) to base 2
101001000001010010001
Convert 72020 (base 15) to base 16.
582c3
-20a73 (base 15) to base 10
-103608
What is 47500 (base 8) in base 11?
14274
-111011010010111001101101 (base 2) to base 6
-1313054325
Convert -ac2c8 (base 14) to base 8.
-1457570
Convert -551531 (base 9) to base 14.
-87d92
Convert 234123524 (base 6) to base 13.
bac403
124361 (base 8) to base 13
168bb
What is 23112003300 (base 4) in base 2?
1011010110000011110000
3082862 (base 10) to base 5
1242122422
Convert -221221122102 (base 3) to base 6.
-14540402
Convert 70198 (base 12) to base 7.
1143641
48302 (base 9) to base 13
11933
What is -a677e (base 16) in base 4?
-2212131332
-16b5b3 (base 12) to base 14
-a3395
11ba60 (base 15) to base 9
1534220
-505353325 (base 6) to base 7
-133424321
What is 3141299 (base 10) in base 8?
13767263
2035155 (base 6) to base 12
48abb
Convert 7166a (base 12) to base 7.
1153660
-413170 (base 9) to base 8
-736540
1265aa4 (base 11) to base 2
1000010110100010110000
What is -509475 (base 10) in base 8?
-1743043
Convert -23203102130 (base 4) to base 11.
-1789090
What is 1000001110110111010000 (base 2) in base 13?
5a7356
What is 382945 (base 11) in base 8?
2233661
1213323203 (base 4) to base 2
1100111111011100011
What is 20101200220101 (base 3) in base 11?
1a11a03
What is -1222122122201 (base 3) in base 6?
-34345114
-c44a2 (base 14) to base 8
-1633476
Convert -731031 (base 8) to base 15.
-4bb6b
2311301000 (base 4) to base 5
142311022
What is -31023 (base 12) in base 6?
-1212043
Convert -5498bd (base 14) to base 7.
-33250026
-12ac01 (base 13) to base 8
-1563476
-10011011101000010111 (base 2) to base 5
-130344323
Convert 58473a (base 16) to base 12.
1b3004a
20012211 (base 8) to base 12
14a6375
What is -24365413 (base 8) in base 10?
-5368587
Convert -7734011 (base 8) to base 10.
-2078729
Convert 7521a7 (base 11) to base 7.
13141431
-461422 (base 10) to base 4
-1300221232
-3b6297 (base 12) to base 11
-613355
Convert 26285 (base 16) to base 5.
20000133
Convert 2728096 (base 10) to base 3.
12010121020121
What is -133c810 (base 13) in base 12?
-203b644
-51402 (base 8) to base 6
-242214
Convert 2253422 (base 6) to base 4.
130112312
What is -182711 (base 11) in base 15?
-58700
Convert -36762460 (base 8) to base 16.
-7be530
Convert 2376556 (base 9) to base 13.
3626a3
2af58a (base 16) to base 4
22233112022
-f99ea (base 16) to base 6
-33525310
-22311110 (base 4) to base 6
-541232
Convert 41613410 (base 7) to base 11.
1a91933
Convert -272052 (base 10) to base 8.
-1023264
Convert 273e9 (base 16) to base 14.
4281b
-3442213 (base 5) to base 16
-f2e7
-6031a5 (base 14) to base 9
-6071258
What is -6147545 (base 8) in base 7?
-16551254
Convert -189ba41 (base 12) to base 4.
-103301210101
1100022222211 (base 3) to base 14
14889a
What is -10d4cc (base 16) in base 10?
-1103052
What is 110100120 (base 4) in base 11?
57376
-1333213033 (base 4) to base 12
-2125a7
687542 (base 10) to base 2
10100111110110110110
What is 321441003 (base 5) in base 11?
848a44
What is 27b3a2 (base 16) in base 3?
11220012010022
-152567 (base 8) to base 13
-1bb48
What is a91d (base 16) in base 14?
11ac5
Convert 4501736 (base 11) to base 8.
36071324
What is 128178 (base 9) in base 15?
18255
-49e41 (base 16) to base 2
-1001001111001000001
Convert 1202313013 (base 5) to base 4.
22211233020
Convert -40406 (base 14) to base 11.
-a6053
What is 2265a (base 12) in base 6?
552154
-15b862 (base 12) to base 2
-1011011000000001010
Convert 5233c (base 15) to base 4.
333213333
What is -177734 (base 11) in base 15?
-56194
What is -7a8aa9 (base 11) in base 7?
-13633345
Convert 67722310 (base 8) to base 10.
14656712
What is -6196464 (base 10) in base 8?
-27506360
Convert 1293a61 (base 11) to base 7.
24650335
What is -63350a (base 13) in base 7?
-25504302
Convert -116214141 (base 7) to base 16.
-6fdf77
Convert -2906032 (base 12) to base 16.
-7d74a6
19738d (base 16) to base 8
6271615
Convert 7188 (base 12) to base 16.
3038
Convert 281ac (base 16) to base 2.
101000000110101100
What is -86828 (base 11) in base 15?
-27577
51241451 (base 6) to base 11
912588
Convert 111010111000100001000110 (base 2) to base 3.
1002001020000000
-574146 (base 11) to base 10
-913237
What is 3cd51 (base 14) in base 7?
1165431
Convert -243020 (base 5) to base 12.
-5353
What is 1481800 (base 10) in base 5?
334404200
Convert -100210301 (base 4) to base 6.
-1242145
What is -567570 (base 9) in base 12?
-144a46
1873916 (base 12) to base 5
2303101130
b1b130 (base 12) to base 16
2a5ff4
Convert -111221220102 (base 3) to base 4.
-1003011023
Convert -14a1ed1 (base 15) to base 7.
-240666022
Convert -100592e (base 15) to base 5.
-10410101234
-211122122 (base 3) to base 9
-24578
25523521 (base 6) to base 7
10046521
What is -527447 (base 8) in base 10?
-175911
What is -16237804 (base 9) in base 6?
-445534051
What is -1387710 (base 12) in base 6?
-215500420
What is -167384 (base 9) in base 10?
-103837
1120200111121 (base 3) to base 10
840175
What is a129c (base 14) in base 13?
107468
Convert -21c3a (base 13) to base 16.
-efd4
Convert 5a771a (base 15) to base 11.
2496a54
What is 12103113210 (base 4) in base 15?
229816
19bbcf (base 16) to base 8
6335717
What is -63031 (base 10) in base 3?
-10012110111
What is -814ba (base 14) in base 11?
-1a2746
-40694d (base 15) to base 3
-12202110022201
56663410 (base 7) to base 15
678ae4
-222404203 (base 5) to base 16
-efb2b
20352402 (base 7) to base 13
47b68c
What is 111111001010001011 (base 2) in base 15?
519b9
-221022011221112 (base 3) to base 8
-63227666
What is 76b61 (base 12) in base 7?
1223146
Convert 140f6 (base 16) to base 15.
1952b
-552124 (base 9) to base 11
-205707
What is 261233 (base 8) in base 4?
112022123
What is 2024600 (base 7) in base 4?
323001212
20133112213 (base 4) to base 3
11012001220201
Convert -1817965 (base 10) to base 5.
-431133330
Convert 3198d (base 16) to base 2.
110001100110001101
Convert a2a77 (base 13) to base 4.
1013033100
-410231131 (base 5) to base 6
-55201512
87c271 (base 13) to base 8
14144211
101126 (base 11) to base 14
43335
What is 12651602 (base 7) in base 15?
182552
What is -102200211301 (base 4) in base 14?
-904373
What is -441044141 (base 5) in base 10?
-1893671
341566 (base 10) to base 14
8c698
What is -2156521 (base 7) in base 6?
-5413244
Convert -11010111110110001 (base 2) to base 7.
-640124
Convert -45409 (base 12) to base 13.
-32c4c
Convert -171174 (base 10) to base 9.
-280723
330c4 (base 13) to base 11
634a1
What is -1421446 (base 8) in base 14?
-a6818
-314747 (base 8) to base 15
-2115a
Convert -2137545 (base 8) to base 16.
-8bf65
Convert 5e488 (base 16) to base 9.
647663
Convert 28f0d (base 16) to base 13.
5b436
462dc (base 14) to base 16
29ada
Convert -156346 (base 9) to base 7.
-551244
Convert 3172640 (base 8) to base 13.
239769
What is -31744076 (base 8) in base 12?
-2340052
Convert -11203004 (base 5) to base 2.
-11000100000011011
Convert -2366014 (base 8) to base 5.
-131302002
Convert -3b2246 (base 12) to base 8.
-3566726
Convert 22109 (base 11) to base 15.
9784
Convert -1100101011100100010011 (base 2) to base 7.
-40153325
What is -291906 (base 10) in base 14?
-78546
What is 620b1a (base 12) in base 3?
2220001002111
Convert 24910 (base 12) to base 3.
2112011110
What is 6435 (base 11) in base 15?
27c3
Convert 6126230 (base 7) to base 11.
459246
What is -5d4d56 (base 16) in base 3?
-102111122201101
1111100001111101 (base 2) to base 13
22c54
43792 (base 15) to base 3
101220000102
What is 31320 (base 13) in base 16?
1595d
What is 1514204 (base 8) in base 4?
1221202010
What is -109ca3 (base 13) in base 11?
-24948a
Convert -4106393 (base 10) to base 5.
-2022401033
What is -1201002120202 (base 3) in base 12?
-379085
What is 854a1a (base 15) in base 13?
14116b4
Convert -96420 (base 10) to base 15.
-1d880
What is 255e1 (base 15) in base 13?
424b4
What is 23c64 (base 15) in base 11?
78860
What is -c4507 (base 16) in base 13?
-222001
What is 1203101300 (base 4) in base 10?
406640
What is -100000001001000100110000 (base 2) in base 3?
-120212001222210
-1131342444 (base 5) to base 10
-2605999
-29bb38 (base 12) to base 15
-ddcee
What is 5a4618 (base 16) in base 11